 16, what is -21 - -5?
-1c
In base 16, what is -7 + 1?
-6
In base 5, what is 1223 - 11?
1212
In base 3, what is 10121102 - -1?
10121110
In base 10, what is -282 + -5?
-287
In base 2, what is 10100010110101 - -101?
10100010111010
In base 12, what is 551 - 2?
54b
In base 5, what is -24 + 32302?
32223
In base 11, what is -2 + -60?
-62
In base 7, what is -41205 + 0?
-41205
In base 5, what is 1 + -3343?
-3342
In base 8, what is -241 - -32?
-207
In base 13, what is -98 - -27?
-71
In base 5, what is -2144 + -4?
-2203
In base 12, what is 53 + -14?
3b
In base 15, what is -4 - -12c3?
12be
In base 4, what is 10301 - 3?
10232
In base 6, what is -143 - 1?
-144
In base 9, what is -7 - -25?
17
In base 13, what is 0 - 3c?
-3c
In base 10, what is 1406 + -3?
1403
In base 15, what is -2 - -21c?
21a
In base 4, what is 11 - 1002?
-331
In base 14, what is 46 - -1?
47
In base 8, what is -2 - -116?
114
In base 4, what is 200 - 10?
130
In base 16, what is 4 + -b1?
-ad
In base 4, what is 1 + 22230?
22231
In base 5, what is -4 + -1331?
-1340
In base 2, what is 1 + 10100110?
10100111
In base 6, what is 2 + -44102?
-44100
In base 15, what is -225 - 9?
-22e
In base 5, what is -100 - -233?
133
In base 16, what is 12 + -5?
d
In base 16, what is 4 - -101?
105
In base 3, what is 100002020 - -1?
100002021
In base 6, what is 1012 - -5?
1021
In base 3, what is 20 - 1100?
-1010
In base 11, what is -17194 + -1?
-17195
In base 2, what is 10101000 - -110100?
11011100
In base 16, what is -5 + -6?
-b
In base 7, what is 5 - -501?
506
In base 4, what is 3 + 22010?
22013
In base 5, what is 21 + -44?
-23
In base 12, what is -171 - 1?
-172
In base 3, what is -1111 - 21202?
-100020
In base 6, what is 5 + -540?
-531
In base 7, what is -2 + 352?
350
In base 13, what is -146 + 11?
-135
In base 16, what is 78 + -9?
6f
In base 12, what is 2 + 606?
608
In base 11, what is 3 + 3672?
3675
In base 15, what is 2 + -17?
-15
In base 11, what is -1 - -a8?
a7
In base 6, what is -25 - 225?
-254
In base 15, what is 28 - -3?
2b
In base 6, what is 113 + -350?
-233
In base 6, what is 3035 + -4?
3031
In base 12, what is -2 + 11?
b
In base 16, what is -36 + d?
-29
In base 16, what is 3 + 4?
7
In base 10, what is -4 + -182?
-186
In base 11, what is -489 - -3?
-486
In base 5, what is -3 + 30041?
30033
In base 4, what is 103011 - 1?
103010
In base 15, what is 1 + -2a2?
-2a1
In base 14, what is -35 + -2?
-37
In base 13, what is -2 + 6b6?
6b4
In base 10, what is -17 - 238?
-255
In base 3, what is 1220201 + -2?
1220122
In base 9, what is 1 + -117?
-116
In base 10, what is -325 - -1?
-324
In base 9, what is 155 + 0?
155
In base 14, what is -11c - -9?
-113
In base 13, what is -4 + 1c1?
1ba
In base 10, what is 3 + -3156?
-3153
In base 9, what is 20 + -24?
-4
In base 4, what is -3002 - -11?
-2331
In base 3, what is 22 - 202?
-110
In base 9, what is 30 + 22?
52
In base 10, what is -2 + -289?
-291
In base 11, what is 10 + -a2?
-92
In base 8, what is 1112 + 10?
1122
In base 9, what is 3 + -245?
-242
In base 7, what is 600 - -4?
604
In base 15, what is -a - -220?
215
In base 6, what is -133 - -205?
32
In base 3, what is 20 - 102?
-12
In base 15, what is -3 + 19?
16
In base 14, what is 5 + -26?
-21
In base 16, what is -8 + 68d?
685
In base 4, what is -1 - 10231?
-10232
In base 13, what is 8c + -b9?
-2a
In base 10, what is -314 + -4?
-318
In base 15, what is 4 - -56?
5a
In base 16, what is 31f - 3?
31c
In base 14, what is 5 + -a55?
-a50
In base 15, what is 26b + 0?
26b
In base 12, what is -20 + -10?
-30
In base 4, what is 10 - -320?
330
In base 7, what is 40 - 3?
34
In base 8, what is -2 - -204?
202
In base 14, what is -6 + 896?
890
In base 8, what is 175 + 62?
257
In base 16, what is -68 - 24?
-8c
In base 3, what is -212220022 + -1?
-212220100
In base 5, what is -1 + 14403?
14402
In base 15, what is 7 + 12a?
132
In base 16, what is 255 - 5?
250
In base 2, what is -10 - 1100110010?
-1100110100
In base 11, what is -2 - -268?
266
In base 11, what is 2233 - -7?
223a
In base 16, what is -1 - 264?
-265
In base 11, what is 5 + 29?
33
In base 11, what is -244 - -1a?
-225
In base 2, what is 1 + -100101010?
-100101001
In base 15, what is -5 - -21ad?
21a8
In base 12, what is -28 - -7?
-21
In base 16, what is 2 + -6b3?
-6b1
In base 13, what is 5c + 72?
101
In base 6, what is -34 - 45?
-123
In base 12, what is b2 + 6?
b8
In base 10, what is 10 - 633?
-623
In base 7, what is -103 - 5?
-111
In base 13, what is 3 - -a?
10
In base 8, what is 227 - 4?
223
In base 7, what is -16 - -264?
245
In base 11, what is a8 + -4?
a4
In base 13, what is 31 + 7?
38
In base 14, what is 38 + -17?
21
In base 6, what is 1 - -113?
114
In base 6, what is -1 + -1114?
-1115
In base 5, what is 0 - 113?
-113
In base 11, what is -600 + -3?
-603
In base 8, what is 10 - -17?
27
In base 4, what is 103032 - -10?
103102
In base 8, what is -133 + 265?
132
In base 14, what is -3 + -18?
-1b
In base 6, what is 5 + -5?
0
In base 15, what is -a + -44?
-4e
In base 7, what is 222 + 436?
661
In base 12, what is -9 - -1?
-8
In base 14, what is -1dd + -3?
-202
In base 4, what is 111 + 3?
120
In base 3, what is 0 - -1111?
1111
In base 2, what is 10111111101100 + 100?
10111111110000
In base 8, what is -15 - 13?
-30
In base 14, what is 0 - -2c?
2c
In base 9, what is 5 + 1407?
1413
In base 10, what is -4 - -26?
22
In base 9, what is -25 - -140?
114
In base 4, what is 20221 - -2?
20223
In base 6, what is -11 + -340?
-351
In base 10, what is 10 + -137?
-127
In base 4, what is -1 - 22?
-23
In base 3, what is -11 - -222?
211
In base 6, what is 10 + 1154?
1204
In base 3, what is 1010 + -121?
112
In base 3, what is -2202 - -1?
-2201
In base 11, what is -2 - -a7?
a5
In base 7, what is 6 + 531?
540
In base 15, what is 2 - -63?
65
In base 11, what is -1a41 + -5?
-1a46
In base 7, what is -5 - -41?
33
In base 11, what is 497 + 3a?
526
In base 16, what is -2 - -10?
e
In base 16, what is 1d - -38?
55
In base 14, what is 5 + -15?
-10
In base 5, what is 0 + -13302?
-13302
In base 6, what is -15 - 0?
-15
In base 9, what is 12 + -15?
-3
In base 4, what is 0 - 102123?
-102123
In base 7, what is -454 - -1?
-453
In base 6, what is 1 + 123?
124
In base 3, what is 100 + 20?
120
In base 6, what is 4120 - 1?
4115
In base 12, what is 9 - -12?
1b
In base 14, what is -3 + -1362?
-1365
In base 15, what is -1 - -12a?
129
In base 8, what is -6 + 210?
202
In base 8, what is -1112 - 5?
-1117
In base 5, what is 3 + 31?
34
In base 7, what is -4 - -6322?
6315
In base 2, what is -1110101001 + -10?
-1110101011
In base 2, what is 100110 - 0?
100110
In base 9, what is 0 - -2200?
2200
In base 9, what is -3875 + -4?
-3880
In base 10, what is 0 - -637?
637
In base 10, what is -52 + 20?
-32
In base 14, what is -211 - -2?
-20d
In base 10, what is 18 + -16?
2
In base 12, what is -81 + 0?
-81
In base 15, what is -3 - -a?
7
In base 7, what is 20433 + -3?
20430
In base 11, what is 3 - 84?
-81
In base 5, what is -13221 + -13?
-13234
In base 8, what is 557 + 24?
603
In base 6, what is -55 - -213?
114
In base 3, what is -22 - 1001?
-1100
In base 2, what is -1110 - -1100?
-10
In base 4, what is -3332 - -3?
-3323
In base 2, what is 11111 - -100100001?
101000000
In base 10, what is 2 - 60?
-58
In base 15, what is -21 - 3?
-24
In base 13, what is 61 - 1?
60
In base 9, what is -415 - -5?
-410
In base 9, what is -305 + -1?
-306
In base 3, what is -10 + -11122020?
-11122100
In base 6, what is 13022 + 2?
13024
In base 2, what is -100111100100 - -100?
-100111100000
In base 12, what is 1 - -1251?
1252
In base 16, what is 9 + 12?
1b
In base 6, what is 15412 - 5?
15403
In base 4, what is -11 - -1303?
1232
In base 4, what is 12 - 1012302?
-1012230
In base 2, what is 10 + -111001011?
-111001001
In base 4, what is 10 + 301?
311
In base 16, what is -1 + -23?
-24
In base 3, what is 11 + -11122?
-11111
In base 9, what is -2 - -833?
831
In base 4, what is -10 - -131?
121
In base 15, what is 2 + 28?
2a
In base 15, what is 9915 + -4?
9911
In base 5, what is -1230 + 0?
-1230
In base 13, what is -2 + b43?
b41
In base 11, what is -a04 - -5?
-9aa
In base 15, what is 3cee + -1?
3ced
In base 8, what is -416 - -1?
-415
In base 10, what is -6855 + 3?
-6852
In base 3, what is 111122 - 1202?
102220
In base 5, what is -10 - 444?
-1004
In base 7, what is -16 + -62?
